{"id":25,"date":"2021-12-30T10:06:11","date_gmt":"2021-12-30T10:06:11","guid":{"rendered":"https:\/\/kniggezz.ch\/wordpress\/?page_id=25"},"modified":"2022-06-15T16:48:57","modified_gmt":"2022-06-15T16:48:57","slug":"alltagssituationen","status":"publish","type":"page","link":"https:\/\/kniggezz.ch\/wordpress\/index.php\/alltagssituationen\/","title":{"rendered":"Alltagssituationen"},"content":{"rendered":"\n<p class=\"has-medium-font-size\"><strong>Wir alle sind im Alltag schon den einen oder anderen Situationen begegnet, in denen wir uns unsicher waren, welches Verhalten nun angebracht ist. Darf Mann der Frau noch die T\u00fcr aufhalten? Ziehe ich die Schuhe beim Gastgeber aus? Wie war das nochmals mit der leeren WC-Rolle? Wir haben uns zehn Situationen rausgepickt und zeigen auf, wie du in Zukunft in solchen Situationen handeln kannst!<\/strong><\/p>\n\n\n\n<div style=\"height:50px\" aria-hidden=\"true\" class=\"wp-block-spacer\"><\/div>\n\n\n\n<hr class=\"wp-block-separator has-css-opacity\"\/>\n\n\n\n<p><\/p>\n\n\n\n<h2 class=\"alignwide has-text-align-center wp-block-heading\">Darf man heute noch &#8222;Gesundheit&#8220; w\u00fcnschen?<\/h2>\n\n\n\n<div class=\"wp-block-media-text alignwide has-media-on-the-right is-stacked-on-mobile has-dark-gray-color has-text-color\" style=\"grid-template-columns:auto 45%\"><figure class=\"wp-block-media-text__media\"><img loading=\"lazy\" decoding=\"async\" width=\"1024\" height=\"1024\" src=\"https:\/\/kniggezz.ch\/wordpress\/wp-content\/uploads\/2021\/12\/10_Dailylife_Niesen_Bild6-1024x1024.png\" alt=\"\" class=\"wp-image-79 size-full\" srcset=\"https:\/\/kniggezz.ch\/wordpress\/wp-content\/uploads\/2021\/12\/10_Dailylife_Niesen_Bild6-1024x1024.png 1024w, https:\/\/kniggezz.ch\/wordpress\/wp-content\/uploads\/2021\/12\/10_Dailylife_Niesen_Bild6-300x300.png 300w, https:\/\/kniggezz.ch\/wordpress\/wp-content\/uploads\/2021\/12\/10_Dailylife_Niesen_Bild6-150x150.png 150w, https:\/\/kniggezz.ch\/wordpress\/wp-content\/uploads\/2021\/12\/10_Dailylife_Niesen_Bild6-768x768.png 768w, https:\/\/kniggezz.ch\/wordpress\/wp-content\/uploads\/2021\/12\/10_Dailylife_Niesen_Bild6-1536x1536.png 1536w, https:\/\/kniggezz.ch\/wordpress\/wp-content\/uploads\/2021\/12\/10_Dailylife_Niesen_Bild6-2048x2048.png 2048w\" sizes=\"auto, (max-width: 1024px) 100vw, 1024px\" \/><\/figure><div class=\"wp-block-media-text__content\">\n<p class=\"has-text-color has-medium-font-size\" style=\"color:#ffffff\">Vor einigen Jahren galt es als unh\u00f6flich jemandem beim Niesen Gesundheit zu w\u00fcnschen. Heute ist das W\u00fcnschen von Gesundheit wieder angebracht, da es von Herzen kommt und eine nette Geste ist. In einer gr\u00f6sseren Runde darf jedoch darauf verzichtet werden.<br><em>Wichtig: <\/em>Immer sch\u00f6n in den Ellbogen oder in ein Papiertuch niesen.<\/p>\n<\/div><\/div>\n\n\n\n<hr class=\"wp-block-separator alignfull has-css-opacity\"\/>\n\n\n\n<p><\/p>\n\n\n\n<h2 class=\"alignfull has-text-align-center wp-block-heading\">Bitte die Schuhe ausziehen<\/h2>\n\n\n\n<div class=\"wp-block-media-text alignwide has-media-on-the-right is-stacked-on-mobile\" style=\"grid-template-columns:auto 45%\"><figure class=\"wp-block-media-text__media\"><img loading=\"lazy\" decoding=\"async\" width=\"1024\" height=\"1024\" src=\"https:\/\/kniggezz.ch\/wordpress\/wp-content\/uploads\/2021\/12\/Socken_Nebenpostindd2-1024x1024.png\" alt=\"\" class=\"wp-image-106 size-full\" srcset=\"https:\/\/kniggezz.ch\/wordpress\/wp-content\/uploads\/2021\/12\/Socken_Nebenpostindd2-1024x1024.png 1024w, https:\/\/kniggezz.ch\/wordpress\/wp-content\/uploads\/2021\/12\/Socken_Nebenpostindd2-300x300.png 300w, https:\/\/kniggezz.ch\/wordpress\/wp-content\/uploads\/2021\/12\/Socken_Nebenpostindd2-150x150.png 150w, https:\/\/kniggezz.ch\/wordpress\/wp-content\/uploads\/2021\/12\/Socken_Nebenpostindd2-768x768.png 768w, https:\/\/kniggezz.ch\/wordpress\/wp-content\/uploads\/2021\/12\/Socken_Nebenpostindd2.png 1080w\" sizes=\"auto, (max-width: 1024px) 100vw, 1024px\" \/><\/figure><div class=\"wp-block-media-text__content\">\n<p class=\"has-medium-font-size\">Wir finden: Wer zu Besuch kommt,<br>soll seine Strassenschuhe vor der Haust\u00fcre ausziehen, damit der Dreck draussen bleibt. Achte dich als Gast also darauf, Socken ohne L\u00f6cher anzuziehen oder biete als Gastgeber deinem Besuch Finken zum Reinschl\u00fcpfen an.<\/p>\n<\/div><\/div>\n\n\n\n<hr class=\"wp-block-separator alignfull has-css-opacity\"\/>\n\n\n\n<p><\/p>\n\n\n\n<h2 class=\"alignfull has-text-align-center wp-block-heading\">Handshake, ein K\u00fcsschen, zwei K\u00fcsschen oder doch eine Umarmung?<\/h2>\n\n\n\n<div class=\"wp-block-media-text alignwide has-media-on-the-right is-stacked-on-mobile\" style=\"grid-template-columns:auto 45%\"><figure class=\"wp-block-media-text__media\"><img loading=\"lazy\" decoding=\"async\" width=\"1024\" height=\"1024\" src=\"https:\/\/kniggezz.ch\/wordpress\/wp-content\/uploads\/2022\/01\/Webseite_Dailylife_Begru\u0308ssen_Bild5-1-1024x1024.png\" alt=\"\" class=\"wp-image-142 size-full\" srcset=\"https:\/\/kniggezz.ch\/wordpress\/wp-content\/uploads\/2022\/01\/Webseite_Dailylife_Begru\u0308ssen_Bild5-1-1024x1024.png 1024w, https:\/\/kniggezz.ch\/wordpress\/wp-content\/uploads\/2022\/01\/Webseite_Dailylife_Begru\u0308ssen_Bild5-1-300x300.png 300w, https:\/\/kniggezz.ch\/wordpress\/wp-content\/uploads\/2022\/01\/Webseite_Dailylife_Begru\u0308ssen_Bild5-1-150x150.png 150w, https:\/\/kniggezz.ch\/wordpress\/wp-content\/uploads\/2022\/01\/Webseite_Dailylife_Begru\u0308ssen_Bild5-1-768x768.png 768w, https:\/\/kniggezz.ch\/wordpress\/wp-content\/uploads\/2022\/01\/Webseite_Dailylife_Begru\u0308ssen_Bild5-1-1536x1536.png 1536w, https:\/\/kniggezz.ch\/wordpress\/wp-content\/uploads\/2022\/01\/Webseite_Dailylife_Begru\u0308ssen_Bild5-1-2048x2048.png 2048w\" sizes=\"auto, (max-width: 1024px) 100vw, 1024px\" \/><\/figure><div class=\"wp-block-media-text__content\">\n<p class=\"has-medium-font-size\">Corona brachte doch noch etwas Positives mit sich und schaffte jegliche Begr\u00fcssungsprobleme aus dem Weg. Doch Hand auf&#8217;s Herz, auch wir sind uns nicht schl\u00fcssig, eine universelle Regel gibt es hier nicht. Generell gilt Kontext und Situation abzusch\u00e4tzen und sich dann f\u00fcr eine Variante entscheiden.<\/p>\n<\/div><\/div>\n\n\n\n<hr class=\"wp-block-separator alignfull has-css-opacity\"\/>\n\n\n\n<p><\/p>\n\n\n\n<h2 class=\"alignfull has-text-align-center wp-block-heading\">Handyfreie Zone<\/h2>\n\n\n\n<div class=\"wp-block-media-text alignwide has-media-on-the-right is-stacked-on-mobile\" style=\"grid-template-columns:auto 45%\"><figure class=\"wp-block-media-text__media\"><img loading=\"lazy\" decoding=\"async\" width=\"1024\" height=\"1024\" src=\"https:\/\/kniggezz.ch\/wordpress\/wp-content\/uploads\/2021\/12\/07_Dailylife_Handynutzung_Bild-1024x1024.png\" alt=\"\" class=\"wp-image-82 size-full\" srcset=\"https:\/\/kniggezz.ch\/wordpress\/wp-content\/uploads\/2021\/12\/07_Dailylife_Handynutzung_Bild-1024x1024.png 1024w, https:\/\/kniggezz.ch\/wordpress\/wp-content\/uploads\/2021\/12\/07_Dailylife_Handynutzung_Bild-300x300.png 300w, https:\/\/kniggezz.ch\/wordpress\/wp-content\/uploads\/2021\/12\/07_Dailylife_Handynutzung_Bild-150x150.png 150w, https:\/\/kniggezz.ch\/wordpress\/wp-content\/uploads\/2021\/12\/07_Dailylife_Handynutzung_Bild-768x768.png 768w, https:\/\/kniggezz.ch\/wordpress\/wp-content\/uploads\/2021\/12\/07_Dailylife_Handynutzung_Bild-1536x1536.png 1536w, https:\/\/kniggezz.ch\/wordpress\/wp-content\/uploads\/2021\/12\/07_Dailylife_Handynutzung_Bild-2048x2048.png 2048w\" sizes=\"auto, (max-width: 1024px) 100vw, 1024px\" \/><\/figure><div class=\"wp-block-media-text__content\">\n<p class=\"has-medium-font-size\">Das Smartphone ist ein fester Bestandteil in unserem Alltag. In manchen Situationen geh\u00f6rt es jedoch verstaut in die Tasche, sei es bei einem Meeting, beim K\u00e4fele oder bei einem Date \ud83d\ude09<br><em>Ausnahme:<\/em> Bei Notf\u00e4llen oder Abrufbereitschaft ist es nat\u00fcrlich etwas anderes!<\/p>\n<\/div><\/div>\n\n\n\n<hr class=\"wp-block-separator alignfull has-css-opacity\"\/>\n\n\n\n<p><\/p>\n\n\n\n<h2 class=\"alignfull has-text-align-center wp-block-heading\">Gr\u00fcezi, Merci und Co. geh\u00f6ren zum guten Ton<\/h2>\n\n\n\n<div class=\"wp-block-media-text alignwide has-media-on-the-right is-stacked-on-mobile\" style=\"grid-template-columns:auto 45%\"><figure class=\"wp-block-media-text__media\"><img loading=\"lazy\" decoding=\"async\" width=\"1024\" height=\"1024\" src=\"https:\/\/kniggezz.ch\/wordpress\/wp-content\/uploads\/2021\/12\/Nebenpost_Grueezi2-1024x1024.png\" alt=\"\" class=\"wp-image-107 size-full\" srcset=\"https:\/\/kniggezz.ch\/wordpress\/wp-content\/uploads\/2021\/12\/Nebenpost_Grueezi2-1024x1024.png 1024w, https:\/\/kniggezz.ch\/wordpress\/wp-content\/uploads\/2021\/12\/Nebenpost_Grueezi2-300x300.png 300w, https:\/\/kniggezz.ch\/wordpress\/wp-content\/uploads\/2021\/12\/Nebenpost_Grueezi2-150x150.png 150w, https:\/\/kniggezz.ch\/wordpress\/wp-content\/uploads\/2021\/12\/Nebenpost_Grueezi2-768x768.png 768w, https:\/\/kniggezz.ch\/wordpress\/wp-content\/uploads\/2021\/12\/Nebenpost_Grueezi2.png 1080w\" sizes=\"auto, (max-width: 1024px) 100vw, 1024px\" \/><\/figure><div class=\"wp-block-media-text__content\">\n<p class=\"has-medium-font-size\">Achte dich auf deine Wortwahl, denn h\u00f6fliche Ausdrucksformen geh\u00f6ren zur Schweizer Kultur und einem r\u00fccksichtsvollen Miteinander. Und es ist nicht mal so schwierig, h\u00f6flich zu sein! So kommt es auf die kleinen Gesten an. Sei es stets Bitte und Danke zu sagen oder auch eine fremde Person auf der Strasse mit \u201eGr\u00fcezi\u201c zu begr\u00fcssen.<\/p>\n<\/div><\/div>\n\n\n\n<hr class=\"wp-block-separator alignfull has-css-opacity\"\/>\n\n\n\n<p><\/p>\n\n\n\n<h2 class=\"has-text-align-center wp-block-heading\">Jemandem zu helfen ist gut und tut gut<\/h2>\n\n\n\n<div class=\"wp-block-media-text alignwide has-media-on-the-right is-stacked-on-mobile\" style=\"grid-template-columns:auto 45%\"><figure class=\"wp-block-media-text__media\"><img loading=\"lazy\" decoding=\"async\" width=\"1024\" height=\"1024\" src=\"https:\/\/kniggezz.ch\/wordpress\/wp-content\/uploads\/2022\/01\/Nebenpost_MenschenHelfen2-1024x1024.png\" alt=\"\" class=\"wp-image-198 size-full\" srcset=\"https:\/\/kniggezz.ch\/wordpress\/wp-content\/uploads\/2022\/01\/Nebenpost_MenschenHelfen2-1024x1024.png 1024w, https:\/\/kniggezz.ch\/wordpress\/wp-content\/uploads\/2022\/01\/Nebenpost_MenschenHelfen2-300x300.png 300w, https:\/\/kniggezz.ch\/wordpress\/wp-content\/uploads\/2022\/01\/Nebenpost_MenschenHelfen2-150x150.png 150w, https:\/\/kniggezz.ch\/wordpress\/wp-content\/uploads\/2022\/01\/Nebenpost_MenschenHelfen2-768x768.png 768w, https:\/\/kniggezz.ch\/wordpress\/wp-content\/uploads\/2022\/01\/Nebenpost_MenschenHelfen2.png 1080w\" sizes=\"auto, (max-width: 1024px) 100vw, 1024px\" \/><\/figure><div class=\"wp-block-media-text__content\">\n<p class=\"has-medium-font-size\">Hast du heute schon jemandem geholfen? Manchmal braucht es nicht viel um anderen eine Freude zu machen. Egal ob du deiner Nachbarin einen gefallen machst oder jemandem hilfst den Einkauf die Treppe hochzutragen &#8211; helfen ist gut und tut gut!<\/p>\n<\/div><\/div>\n\n\n\n<hr class=\"wp-block-separator alignfull has-css-opacity\"\/>\n\n\n\n<p><\/p>\n\n\n\n<h2 class=\"has-text-align-center wp-block-heading\">T\u00fcr aufhalten<\/h2>\n\n\n\n<div class=\"wp-block-media-text alignwide has-media-on-the-right is-stacked-on-mobile\" style=\"grid-template-columns:auto 45%\"><figure class=\"wp-block-media-text__media\"><img loading=\"lazy\" decoding=\"async\" width=\"1024\" height=\"1024\" src=\"https:\/\/kniggezz.ch\/wordpress\/wp-content\/uploads\/2022\/01\/Webseite_Dailylife_Tu\u0308raufhalten_Bild-1024x1024.png\" alt=\"\" class=\"wp-image-139 size-full\" srcset=\"https:\/\/kniggezz.ch\/wordpress\/wp-content\/uploads\/2022\/01\/Webseite_Dailylife_Tu\u0308raufhalten_Bild-1024x1024.png 1024w, https:\/\/kniggezz.ch\/wordpress\/wp-content\/uploads\/2022\/01\/Webseite_Dailylife_Tu\u0308raufhalten_Bild-300x300.png 300w, https:\/\/kniggezz.ch\/wordpress\/wp-content\/uploads\/2022\/01\/Webseite_Dailylife_Tu\u0308raufhalten_Bild-150x150.png 150w, https:\/\/kniggezz.ch\/wordpress\/wp-content\/uploads\/2022\/01\/Webseite_Dailylife_Tu\u0308raufhalten_Bild-768x768.png 768w, https:\/\/kniggezz.ch\/wordpress\/wp-content\/uploads\/2022\/01\/Webseite_Dailylife_Tu\u0308raufhalten_Bild-1536x1536.png 1536w, https:\/\/kniggezz.ch\/wordpress\/wp-content\/uploads\/2022\/01\/Webseite_Dailylife_Tu\u0308raufhalten_Bild-2048x2048.png 2048w\" sizes=\"auto, (max-width: 1024px) 100vw, 1024px\" \/><\/figure><div class=\"wp-block-media-text__content\">\n<p class=\"has-medium-font-size\">Die klassische Mann-h\u00e4lt-Frau-T\u00fcr-auf-Regel gilt heute als \u00fcberholt. Ob  Frau oder Mann, jeder kann jedem die T\u00fcr aufhalten, so wie es eben gerade passt!<\/p>\n<\/div><\/div>\n\n\n\n<hr class=\"wp-block-separator alignfull has-css-opacity\"\/>\n\n\n\n<p><\/p>\n\n\n\n<h2 class=\"has-text-align-center wp-block-heading\">WC Rolle auswechseln<\/h2>\n\n\n\n<div class=\"wp-block-media-text alignwide has-media-on-the-right is-stacked-on-mobile\"><figure class=\"wp-block-media-text__media\"><img loading=\"lazy\" decoding=\"async\" width=\"1024\" height=\"1024\" src=\"https:\/\/kniggezz.ch\/wordpress\/wp-content\/uploads\/2021\/12\/03_Dailylife_WC_Rolle_Bild-1024x1024.png\" alt=\"\" class=\"wp-image-52 size-full\" srcset=\"https:\/\/kniggezz.ch\/wordpress\/wp-content\/uploads\/2021\/12\/03_Dailylife_WC_Rolle_Bild-1024x1024.png 1024w, https:\/\/kniggezz.ch\/wordpress\/wp-content\/uploads\/2021\/12\/03_Dailylife_WC_Rolle_Bild-300x300.png 300w, https:\/\/kniggezz.ch\/wordpress\/wp-content\/uploads\/2021\/12\/03_Dailylife_WC_Rolle_Bild-150x150.png 150w, https:\/\/kniggezz.ch\/wordpress\/wp-content\/uploads\/2021\/12\/03_Dailylife_WC_Rolle_Bild-768x768.png 768w, https:\/\/kniggezz.ch\/wordpress\/wp-content\/uploads\/2021\/12\/03_Dailylife_WC_Rolle_Bild-1536x1536.png 1536w, https:\/\/kniggezz.ch\/wordpress\/wp-content\/uploads\/2021\/12\/03_Dailylife_WC_Rolle_Bild-2048x2048.png 2048w\" sizes=\"auto, (max-width: 1024px) 100vw, 1024px\" \/><\/figure><div class=\"wp-block-media-text__content\">\n<p class=\"has-medium-font-size\">Egal ob Zuhause oder zu Besuch: Eine fehlende WC-Rolle ist stets eine unangenehme Situation, welche man jedem ersparen m\u00f6chte. Als letzte Person also lieber gleich f\u00fcr Nachschub sorgen oder dem Gastgeber Bescheid sagen!<\/p>\n<\/div><\/div>\n\n\n\n<hr class=\"wp-block-separator alignfull has-css-opacity\"\/>\n\n\n\n<p><\/p>\n\n\n\n<p><\/p>\n\n\n\n<h2 class=\"has-text-align-center wp-block-heading\">Der Umgang mit Raum<\/h2>\n\n\n\n<div class=\"wp-block-media-text alignwide has-media-on-the-right is-stacked-on-mobile\" style=\"grid-template-columns:auto 45%\"><figure class=\"wp-block-media-text__media\"><img loading=\"lazy\" decoding=\"async\" width=\"1024\" height=\"1024\" src=\"https:\/\/kniggezz.ch\/wordpress\/wp-content\/uploads\/2022\/01\/Sicherheitsabstand_Text2-1024x1024.png\" alt=\"\" class=\"wp-image-196 size-full\" srcset=\"https:\/\/kniggezz.ch\/wordpress\/wp-content\/uploads\/2022\/01\/Sicherheitsabstand_Text2-1024x1024.png 1024w, https:\/\/kniggezz.ch\/wordpress\/wp-content\/uploads\/2022\/01\/Sicherheitsabstand_Text2-300x300.png 300w, https:\/\/kniggezz.ch\/wordpress\/wp-content\/uploads\/2022\/01\/Sicherheitsabstand_Text2-150x150.png 150w, https:\/\/kniggezz.ch\/wordpress\/wp-content\/uploads\/2022\/01\/Sicherheitsabstand_Text2-768x768.png 768w, https:\/\/kniggezz.ch\/wordpress\/wp-content\/uploads\/2022\/01\/Sicherheitsabstand_Text2.png 1080w\" sizes=\"auto, (max-width: 1024px) 100vw, 1024px\" \/><\/figure><div class=\"wp-block-media-text__content\">\n<p class=\"has-medium-font-size\">Ob in Warteschlangen, im Lift oder beim Small Talk: Es ist wichtig, die Distanzbed\u00fcrfnis anderer Menschen zu respektieren und niemandem zu dicht \u201eauf die Pelle\u201c zu r\u00fccken.<\/p>\n<\/div><\/div>\n\n\n\n<hr class=\"wp-block-separator alignfull has-css-opacity\"\/>\n\n\n\n<p><\/p>\n\n\n\n<h2 class=\"has-text-align-center wp-block-heading\"><strong>Fasse keine fremden Hunde an<\/strong><\/h2>\n\n\n\n<div class=\"wp-block-media-text alignwide has-media-on-the-right is-stacked-on-mobile\" style=\"grid-template-columns:auto 45%\"><figure class=\"wp-block-media-text__media\"><img loading=\"lazy\" decoding=\"async\" width=\"1024\" height=\"1024\" src=\"https:\/\/kniggezz.ch\/wordpress\/wp-content\/uploads\/2021\/12\/Hunde_Text2-1024x1024.png\" alt=\"\" class=\"wp-image-108 size-full\" srcset=\"https:\/\/kniggezz.ch\/wordpress\/wp-content\/uploads\/2021\/12\/Hunde_Text2-1024x1024.png 1024w, https:\/\/kniggezz.ch\/wordpress\/wp-content\/uploads\/2021\/12\/Hunde_Text2-300x300.png 300w, https:\/\/kniggezz.ch\/wordpress\/wp-content\/uploads\/2021\/12\/Hunde_Text2-150x150.png 150w, https:\/\/kniggezz.ch\/wordpress\/wp-content\/uploads\/2021\/12\/Hunde_Text2-768x768.png 768w, https:\/\/kniggezz.ch\/wordpress\/wp-content\/uploads\/2021\/12\/Hunde_Text2.png 1080w\" sizes=\"auto, (max-width: 1024px) 100vw, 1024px\" \/><\/figure><div class=\"wp-block-media-text__content\">\n<p class=\"has-medium-font-size\">Achte dich auf deine Wortwahl, denn h\u00f6fliche Ausdrucksformen geh\u00f6ren zur Schweizer Kultur und einem r\u00fccksichtsvollen Miteinander. Und es ist nicht mal so schwierig, h\u00f6flich zu sein! So kommt es auf die kleinen Gesten an. Sei es stets Bitte und Danke zu sagen oder auch eine fremde Person auf der Strasse mit \u201eGr\u00fcezi\u201c zu begr\u00fcssen.<\/p>\n<\/div><\/div>\n","protected":false},"excerpt":{"rendered":"<p>Wir alle sind im Alltag schon den einen oder anderen Situationen begegnet, in denen wir uns unsicher waren, welches Verhalten nun angebracht ist. Darf Mann der Frau noch die T\u00fcr aufhalten? Ziehe ich die Schuhe beim Gastgeber aus? Wie war das nochmals mit der leeren WC-Rolle? Wir haben uns zehn Situationen rausgepickt und zeigen auf, [&hellip;]<\/p>\n","protected":false},"author":1,"featured_media":0,"parent":0,"menu_order":0,"comment_status":"closed","ping_status":"closed","template":"","meta":{"footnotes":""},"class_list":["post-25","page","type-page","status-publish","hentry"],"_links":{"self":[{"href":"https:\/\/kniggezz.ch\/wordpress\/index.php\/wp-json\/wp\/v2\/pages\/25","targetHints":{"allow":["GET"]}}],"collection":[{"href":"https:\/\/kniggezz.ch\/wordpress\/index.php\/wp-json\/wp\/v2\/pages"}],"about":[{"href":"https:\/\/kniggezz.ch\/wordpress\/index.php\/wp-json\/wp\/v2\/types\/page"}],"author":[{"embeddable":true,"href":"https:\/\/kniggezz.ch\/wordpress\/index.php\/wp-json\/wp\/v2\/users\/1"}],"replies":[{"embeddable":true,"href":"https:\/\/kniggezz.ch\/wordpress\/index.php\/wp-json\/wp\/v2\/comments?post=25"}],"version-history":[{"count":44,"href":"https:\/\/kniggezz.ch\/wordpress\/index.php\/wp-json\/wp\/v2\/pages\/25\/revisions"}],"predecessor-version":[{"id":264,"href":"https:\/\/kniggezz.ch\/wordpress\/index.php\/wp-json\/wp\/v2\/pages\/25\/revisions\/264"}],"wp:attachment":[{"href":"https:\/\/kniggezz.ch\/wordpress\/index.php\/wp-json\/wp\/v2\/media?parent=25"}],"curies":[{"name":"wp","href":"https:\/\/api.w.org\/{rel}","templated":true}]}}